.
8
What is the value of (-55 - -98 - 56) + -10 + 0?
-23
What is the value of 31 + (49 - 44) + (-1 - 2) - 6?
27
Calculate 7 - (-5 + 6 + -2 + 13 + -5).
0
Evaluate -1 + 4 - -11 - 5.
9
Calculate -2 + 8 - (25 - (-38 - -62)).
5
What is the value of -16 - 0 - (-393 + 382)?
-5
Calculate 6 + (-15 - -16) - 13.
-6
Calculate (-41 - -59 - 57) + 53.
14
Calculate (13 - 14) + 18 + (-1 + -4 - -1).
13
Calculate -27 - (2 - 1 - (24 - 20) - -9).
-33
Evaluate 1 + -10 - (-6 + (47 - 36)).
-14
Calculate 23 - (38 - (29 - 13)).
1
(-1 + 2 - 1) + (2 - (-6 + 6))
2
Evaluate -1 + 6 + (-12 - -4) + 1 + 0.
-2
-19 + 11 + 4 + (1 - 0) - -1
-2
3 - (26 + -20 + 3 + -9 - 4)
7
Calculate -2 + (-6 - -3) + (-9 - 0 - -6).
-8
What is the value of (-3 + -5 + 12 - (13 + -3)) + 2?
-4
-4 + -26 - ((16 - 14) + -15)
-17
Evaluate 14 - (23 - 2) - (-4 - 2).
-1
Evaluate -14 + (7 + -7 - -1 - -10).
-3
What is the value of 7 - 3 - (2 + 7)?
-5
15 - (14 - (-13 - (-11 - 21)))
20
What is the value of 0 + 2 - (35 - (33 + 11))?
11
What is 7 - 4 - ((-3 - 0) + 0 + 1)?
5
Evaluate (-2 - -13) + (17 + -24 - 11) + 17.
10
What is the value of 1 - (-7 + -23) - (-1 + 14)?
18
Calculate 10 + (3 - (14 - 4)) + -2.
1
Evaluate -54 + 59 - (-2 - 1) - 9.
-1
What is -5 + 17 + -14 + -3 + 3?
-2
What is the value of 15 + -44 + 0 - (0 + 2 + -12)?
-19
Calculate -15 + 8 + 27 + -11.
9
Calculate -17 - (-34 - -53 - (18 + -1)).
-19
(19 - (26 - 8)) + -17
-16
What is -21 + (-177 - -171) + (19 - 1)?
-9
What is the value of 2 - (-1 - (12 + -6 + -2))?
7
Calculate -2 - -2 - (-1 - 0) - (-374 + 380).
-5
(1 - (-23 - -2 - -14)) + 26
34
Evaluate 6 - 8 - -8 - (2 - (-7 + -1)).
-4
What is -15 - (-7 + (0 - 3 - -6) + 3)?
-14
Evaluate 304 + -314 + (1 - -1 - 9).
-17
Evaluate 46 + (-54 + 3 - -30).
25
What is the value of 0 + -6 + 0 + (-92 - -87)?
-11
What is the value of (-49 - -53) + (22 - 3)?
23
Evaluate 3 + 5 + (9 - 2).
15
Evaluate -7 + -1 + -1 + 33 + (17 - 45).
-4
What is the value of 3 - ((-11 - (-7 + -2)) + -4)?
9
Calculate -39 + (-7 - (-77 + 22)).
9
Calculate (4 - 0) + (14 - 6) + -16 + -4.
-8
-3 + 3 + -3 + 2 + 1 + 0
0
4 + (-5 - (-8 + -3))
10
What is the value of -232 - -199 - (0 + -12)?
-21
What is 41 + -4 + -25 + 19?
31
-12 + -6 + 11 + -2 + (1 - -2)
-6
Calculate -11 + -4 + -4 + 1 + 3.
-15
Calculate (45 - (6 + 11)) + -16 - 9.
3
(32 - 27) + (3 - 16)
-8
Evaluate (-1 - -2 - 16) + 1092 + -1102.
-25
Evaluate (16 - 46 - -15) + 38 + -11.
12
What is the value of (38 - 47) + (-3 - -12)?
0
Calculate (-254 - -237 - (0 - 15)) + -32.
-34
What is -69 + 84 - (0 + -2 - (2 - 13))?
6
Evaluate 18 + 0 + (-16 - -21 - -7).
30
10 + (-13 - (-14 - (-7 - -2)))
6
36 + (-8 - -3) + (-15 - (-23 + 14))
25
What is -26 + 15 + 20 - 4?
5
Evaluate 28 + (-11 + -22 - -14).
9
What is -17 + -5 + 36 + 0 + (0 - -3)?
17
Evaluate -20 + 1 + -13 + (5 - (-20 - -9)).
-16
What is -5 + ((-7 - -9) + -1 - -5)?
1
Evaluate -11 + (7 - -3) + -4 - -13 - -3.
11
What is the value of (3 - 17) + (16 - (-6 - -22))?
-14
Calculate -286 + 270 - (-6 + 3 + -3).
-10
(-5 + 14 - 9 - -6) + -5
1
Calculate -13 - (-19 + -3 + 13 - 9).
5
What is -592 - -599 - (-1 + -14)?
22
What is (2 - -34) + (-9 - -4)?
31
What is 25 - (-15 - -16) - 23?
1
What is the value of -4 + 21 - (-166 + 205)?
-22
What is the value of (2 + -10 - -5) + (1 - 7) + 0?
-9
-23 + 16 + (-14 - (-2 + -2))
-17
9830 - 9792 - (2 + -3 - (1 + -5))
35
Calculate -3 - (0 - -6 - 3) - -6.
0
Evaluate 10 - 17 - (-3 - (-5 + 6)).
-3
Calculate 20 + (-18 - 34 - -10).
-22
Calculate 55 - (17 + 20) - -8.
26
What is the value of -7 + -2 + (10 - 21)?
-20
Calculate (-13 - -1) + (14 + -15 + 12 - 10).
-11
What is the value of 5 - (8 + (1 - 1)) - (42 - 53)?
8
21 + -31 - (7 + 0 - (9 + -6))
-14
What is the value of -5 - (1 + (-9 - -15))?
-12
What is -35 + (16 - 3) - -13?
-9
-32 + 1 - (189 - 219)
-1
-11 + (6 - -18) + -38
-25
Calculate (2 + 3 - -31) + 2 + 8 + -10.
36
What is 2 + -3 + (-3 - -12 - 18)?
-10
What is -2 + (-1 - 3 - -1) + 12?
7
-39 + 25 + (1 - (-3 + -1))
-9
Calculate (-4 - -9) + (6 - (-7 + 0 - -23)).
-5
Calculate (11 + -5 - 24) + 10.
-8
-15 - (7 - 14) - -14
6
Evaluate 5 - -13 - (-26 + 37) - -13.
20
-8 + (14 - (-39 - -27))
18
Evaluate -6 + (17 - 18 - -13).
6
33 + (-35 - -29) + 1
28
What is 16 + -27 + (4 - (0 - 3)) + -2?
-6
Evaluate (-27 + 2 - -12) + 15 + -22.
-20
1 + 3 - (-11 + 12 + 43 - 13)
-27
What is 396 + -381 - (-3 + 2 - -2)?
14
What is the value of -19 + -13 + 24 + 10 - -4?
6
Calculate (0 - (9 + -7) - 6) + -1.
-9
10 + (9 - (-7 + 20))
6
What is the value of (-12 - -2) + (20 - 22) + 35?
23
What is the value of 34 - 33 - (25 - 10) - (-2 - 1)?
-11
What is the value of (-31 - -38) + (-1 - (4 - -8)) + 14?
8
Evaluate (7 - (1 + -6)) + -2.
10
(-25 - 2) + 4 + (-4 - -11)
-16
-4 + -8 + 4 + -1 + 3
-6
What is (-12 - -8 - -12) + -2 + -4?
2
13 - (-2 + (-10 + 5 - (3 - 15)))
8
8 - (-10 + (-5 - -15))
8
(8 - (-10 + 20)) + 2
0
What is the value of 0 + -18 - (-11 + 4 - (20 - 26))?
-17
Calculate (-125 - -107) + 5 + -12.
-25
Calculate (1082 - 1109) + 2 + -1 + 5.
-21
What is the value of 27 - ((-26 - -28) + 63)?
-38
Evaluate 13 - 18 - (0 + -3) - (-5 + 6).
-3
What is (-5 - 27) + 13 - -14?
-5
(-8 - -13) + -10 + -2 + 13 + -3
3
What is the value of 12 + 1 + (-28 - (-62 + 74))?
-27
Evaluate 32 - (-46 - -76) - -7.
9
Calculate -28 + -14 + 15 + 12 + 8.
-7
Calculate (7 + -12 - -5) + 10.
10
18 + -17 + (1 - 0) + -1
1
Calculate (-12 - 2 - (-3 + -5) - -5) + -20.
-21
Evaluate -10 - (5 - (3 + (-5 - -9))).
-8
36 - 6 - (66 + -59)
23
What is -14 - 12 - -15 - ((-1 - 1) + 6)?
-15
(-5 - (10 - 8)) + (5 - -3) - 17
-16
What is the value of 7 + 6 + -12 + 8 - -7?
16
What is the value of 0 + -26 + (37 - 28) + 1?
-16
Evaluate -37 - (-15 - 15) - -5.
-2
What is 17 + (6 - (-2 + (6 - 8)) - 8)?
19
Calculate -1 + -16 + 12 + -1 + -5 + -10.
-21
Evaluate 25 - (11 - (-6 - 2)).
6
What is the value of 2 - ((-47 - -22) + 47)?
-20
Evaluate (17 - -9 - 32) + (-4 - -3) + 24.
17
What is (16 + -36 - -36) + -4?
12
-16 - (21 - 0 - (80 - 63))
-20
What is the value of -1 + -12 - (5 + 7 + -20) - 14?
-19
What is (1 - 2) + (-3 - -7) - (2 - -2)?
-1
Evaluate 20 - (17 + -1) - (1 - (4 + -10)).
-3
Evaluate 31 - (-33 - -22 - -54).
-12
Calculate -8 + (-16 - (-3 + 3 + -48)).
24
1 - ((-7 - 0 - -7) + 4)
-3
Evaluate -2 - 2 - (-48 - -7 - -52).
-15
Evaluate -17 - ((-2 - -25) + -18).
-22
Calculate (-23 - -1) + -422 + 433.
-11
Evaluate -14 + 12 + 10 - (8 - 1) - -21.
22
Calculate (0 - 19) + (-691 - -725).
15
What is the value of (-12 - 0 - (-34 - -6)) + -11?
5
Evaluate -34 - (-29 - (-4 - 9)).
-18
What is the value of 14 - 1 - (-184 + 191)?
6
Evaluate 3 - ((-14 + 9 - -10) + 8).
-10
What is the value of 9 + -10 + 0 + 1 + 5?
5
Calculate (-17 - 3) + -7 - (3 + 5) - -8.
-27
-5 - (-27 + 19 + 0 + 10)
-7
Evaluate -2 + (-5 - (6 + 1 + -16) - 8).
-6
12 - (20 + 0) - (-5 + -7 + 8)
-4
3 + -8 - -3 - (-57 - -67)
-12
-15 + -1 + (-6 - (-7 + -13 + 10))
-12
Evaluate (-12 - -2) + (38 + 1 - 3).
26
Calculate 2 + (10 - 1 - 5) + -4.
2
Evaluate -13 - (2 + -11) - 7.
-11
What is -6 - ((28 - 27) + (-12 - 0))?
5
What is the value of 3 - ((0 - (4 - 7 - -4)) + -13)?
17
What is 3 - (-5 + 7) - (2 + 5 - -1)?
-7
Evaluate -1 + 3 - (0 - (12 - 2) - -6).
6
What is the value of -10 + 32 - 27 - (-1 - (-5 - -2))?
-7
What is the value of -21 + (11 - (-1 - -7))?
-16
What is -18 + (-8 - -30) + 20?
24
Calculate -2 + 8 + (8 - 13) + -7.
-6
What is -20 - ((27 - 6) + -35)?
-6
113 + -98 + (2 - 8) - (0 + 5)
4
What is the value of 0 + 4 - (5 + -13) - (3 + -1)?
10
What is the value of -9 - 3 - (-7 + -22)?
17
-5 + (3 - 9) - (-8 + 1)
-4
Calculate 7 - (-7 - -21) - -14.
7
Calculate -10 + (-5 - -3) + 7 - -4.
-1
What is the value of 15 + 9 + -3 + 8 + -8?
21
(6 - 19) + 4 - -14 - 3
2
What is 11 + -10 + 11 - (64 + -24)?
-28
(2 - 37) + (0 + 5 - -7) + -3
-26
Evaluate (0 - -3 - 9) + 9 + 2.
5
What is -9 - (17 + -11 + -4) - (9 + -4)?
-16
What is the value of (8 - 1) + (-434 - -404)?
-23
Calculate -85 + 72 + (1 - -18) + -2.
4
What is 3 + 0 + 4 - (-54 - -51) - 48?
-38
What is 8 + -5 + 0 - (23 + -28)?
8
Evaluate (8 + -10 - 5) + 3 + 5 + -2.
-1
Calculate 21 - 22 - (-2 - (0 + 0) - -8).
-7
Calculate (3 - 1) + (2 + 3 + -5 - 5).
-3
13 - (30 - (29 - 17)) - (2 + 21)
-28
What is the value of (5 - (5 + (8 - 3))) + -11?
-16
(18 - 30) + 18 - (-3 - 0)
9
Evaluate 14 + -8 + 6 + -10 - -12.
14
Evaluate (40 - 21) + 3 + -10.
12
What is the value of (-1